{"id":434,"date":"2015-11-02T15:56:34","date_gmt":"2015-11-02T14:56:34","guid":{"rendered":"http:\/\/eportfolio.musikkons.dk\/wordpress\/bjoernpetersen\/?page_id=434"},"modified":"2015-11-16T17:26:21","modified_gmt":"2015-11-16T16:26:21","slug":"kunstnerisk-udvikling","status":"publish","type":"page","link":"http:\/\/eportfolio.musikkons.dk\/wordpress\/bjoernpetersen\/kunstnerisk-udvikling\/","title":{"rendered":"KUNSTNERISK UDVIKLING"},"content":{"rendered":"<p>Udover sin virksomhed som ud\u00f8vende musiker er Bj\u00f8rn Petersen ogs\u00e5 aktiv inden for kunstnerisk udviklingsvirksomhed (KUV), prim\u00e6rt som komponist og arrang\u00f8r.<\/p>\n<p>I 2004 skrev han suiten Arosian Stew for bl\u00e6sere, sangere, rytmegruppe og percussiongruppe. Projektet er beskrevet i en artikel i hvilken han forklarer om processen og giver eksempler p\u00e5 forskellige tilgange til komposition og arrangement.<\/p>\n<p>L\u00e6s <a href=\"http:\/\/eportfolio.musikkons.dk\/wordpress\/bjoernpetersen\/arosian-stew-artikel\/\">artikel her<\/a><\/p>\n<p>Se en <a href=\"http:\/\/eportfolio.musikkons.dk\/wordpress\/bjoernpetersen\/musik\/kuv-arosian-stew\/\">live-video fra Univers 2004 her<\/a><\/p>\n<p>Se <a href=\"http:\/\/eportfolio.musikkons.dk\/wordpress\/bjoernpetersen\/arosian-stew-partiturer\/\">partiturer til suiten her<\/a><\/p>\n<p>For nylig skrev jeg sangen\u00a0<em>A Rock in your Shoe\u00a0<\/em>med en tekst af tekstforfatteren og hjerneforskeren Mikkel Wallentin. Jeg har lavet en r\u00e5 demoindspilning med mig selv som ud\u00f8vende p\u00e5 vokal, kor, guitar, kontrabas, elbas og keyboards. Lyt <a href=\"http:\/\/eportfolio.musikkons.dk\/wordpress\/bjoernpetersen\/a-rock-in-your-shoe\/\">her.<\/a><\/p>\n","protected":false},"excerpt":{"rendered":"<p>Udover sin virksomhed som ud\u00f8vende musiker er Bj\u00f8rn Petersen ogs\u00e5 aktiv inden for kunstnerisk udviklingsvirksomhed (KUV), prim\u00e6rt som komponist og arrang\u00f8r. I 2004 skrev han suiten Arosian Stew for bl\u00e6sere, sangere, rytmegruppe og percussiongruppe. Projektet er beskrevet i en artikel i hvilken han forklarer om processen og giver eksempler p\u00e5 forskellige tilgange til komposition og &hellip; <a href=\"http:\/\/eportfolio.musikkons.dk\/wordpress\/bjoernpetersen\/kunstnerisk-udvikling\/\" class=\"more-link\">Continue reading<span class=\"screen-reader-text\"> &#8220;KUNSTNERISK UDVIKLING&#8221;<\/span><\/a><\/p>\n","protected":false},"author":10,"featured_media":0,"parent":0,"menu_order":0,"comment_status":"closed","ping_status":"closed","template":"","meta":[],"_links":{"self":[{"href":"http:\/\/eportfolio.musikkons.dk\/wordpress\/bjoernpetersen\/wp-json\/wp\/v2\/pages\/434"}],"collection":[{"href":"http:\/\/eportfolio.musikkons.dk\/wordpress\/bjoernpetersen\/wp-json\/wp\/v2\/pages"}],"about":[{"href":"http:\/\/eportfolio.musikkons.dk\/wordpress\/bjoernpetersen\/wp-json\/wp\/v2\/types\/page"}],"author":[{"embeddable":true,"href":"http:\/\/eportfolio.musikkons.dk\/wordpress\/bjoernpetersen\/wp-json\/wp\/v2\/users\/10"}],"replies":[{"embeddable":true,"href":"http:\/\/eportfolio.musikkons.dk\/wordpress\/bjoernpetersen\/wp-json\/wp\/v2\/comments?post=434"}],"version-history":[{"count":6,"href":"http:\/\/eportfolio.musikkons.dk\/wordpress\/bjoernpetersen\/wp-json\/wp\/v2\/pages\/434\/revisions"}],"predecessor-version":[{"id":784,"href":"http:\/\/eportfolio.musikkons.dk\/wordpress\/bjoernpetersen\/wp-json\/wp\/v2\/pages\/434\/revisions\/784"}],"wp:attachment":[{"href":"http:\/\/eportfolio.musikkons.dk\/wordpress\/bjoernpetersen\/wp-json\/wp\/v2\/media?parent=434"}],"curies":[{"name":"wp","href":"https:\/\/api.w.org\/{rel}","templated":true}]}}