{"id":466,"date":"2015-11-02T17:58:48","date_gmt":"2015-11-02T16:58:48","guid":{"rendered":"http:\/\/eportfolio.musikkons.dk\/wordpress\/bjoernpetersen\/?page_id=466"},"modified":"2019-09-05T10:42:17","modified_gmt":"2019-09-05T09:42:17","slug":"posters","status":"publish","type":"page","link":"http:\/\/eportfolio.musikkons.dk\/wordpress\/bjoernpetersen\/posters\/","title":{"rendered":"Posters"},"content":{"rendered":"<p>I forbindelse med pr\u00e6sentationer p\u00e5 internationale konferencer har Bj\u00f8rn Petersen designet en r\u00e6kke forskningsposters.<\/p>\n<p><strong>Objective Measurements of Music Discrimination in Individual Experienced and Recently Implanted Cochlear Implant Users. <\/strong><em>Poster pr\u00e6senteret ved CIAP konferencen i Lake Tahoe 11. juli 2019.<\/em><\/p>\n<a href=\"http:\/\/eportfolio.musikkons.dk\/wordpress\/bjoernpetersen\/files\/2019\/09\/A-229-ACI-Objective-Measurements-of-Music-Discrimination-in-Individual-Cochlear-Implant-Users-090719.pdf\" class=\"pdfemb-viewer\" style=\"\" data-width=\"max\" data-height=\"max\" data-toolbar=\"bottom\" data-toolbar-fixed=\"off\">A-229-ACI-Objective Measurements of Music Discrimination in Individual Cochlear Implant Users 090719<\/a>\n<p><strong>Perception of music and speech in adolescents with cochlear implants &#8211; A\u00a0pilot\u00a0study\u00a0on effects of intensive musical ear training.\u00a0<\/strong><em><em><em><em>Poster pr\u00e6senteret p\u00e5 konferencen\u00a013th International Conference on Cochlear Implants and Other Implantable Auditory Technologies: CI 2014 i M\u00fcnchen.<br \/>\n<\/em><\/em><\/em><\/em><\/p>\n<p><a href=\"http:\/\/eportfolio.musikkons.dk\/wordpress\/bjoernpetersen\/files\/2015\/11\/P1-5-7-Bjorn_Petersen.pdf\" class=\"pdfemb-viewer\" style=\"\" data-width=\"max\" data-height=\"max\" data-toolbar=\"bottom\" data-toolbar-fixed=\"off\">P1-5-7 Bjorn_Petersen<\/a><span style=\"color: #007acc;\"><i>\u00a0<\/i><\/span><\/p>\n<p><strong>Aspects of Music with Cochlear Implants \u2013 Music Listening\u00a0Habits<br \/>\nand Appreciation in Danish Cochlear Implant Users. <\/strong><em>Poster pr\u00e6senteret ved\u00a0International Symposium on Auditory and Audiological Research ISAAR 2013 i Nyborg.<br \/>\n<\/em><\/p>\n<a href=\"http:\/\/eportfolio.musikkons.dk\/wordpress\/bjoernpetersen\/files\/2015\/11\/Aspects-of-music-with-CIs_FIN_REV_ALT.pdf\" class=\"pdfemb-viewer\" style=\"\" data-width=\"max\" data-height=\"max\" data-toolbar=\"bottom\" data-toolbar-fixed=\"off\">Aspects of music with CIs_FIN_REV_ALT<\/a>\n<p><strong>Behavioral and Neurological Responses to Musical Features in Adolescent Cochlear Implant Users Before and After an Intensive Musical Training Program.<\/strong> <em><em><em>Poster pr\u00e6senteret p\u00e5 konferencen\u00a0The\u00a0Neurosciences and Music &#8211; V i Dijon<\/em><\/em><\/em><\/p>\n<a href=\"http:\/\/eportfolio.musikkons.dk\/wordpress\/bjoernpetersen\/files\/2015\/11\/BPE_Dijon_Poster.pdf\" class=\"pdfemb-viewer\" style=\"\" data-width=\"max\" data-height=\"max\" data-toolbar=\"bottom\" data-toolbar-fixed=\"off\">BPE_Dijon_Poster<\/a>\n<p><strong><strong><strong>Music for Little Digital Ears \u2013 musical training of preschool children with\u00a0coc<em><strong><strong>hlear\u00a0implants\/A Reveille for the Deaf Brain\u2013 musical ear training with cochlear im<\/strong><\/strong><\/em><\/strong><\/strong><\/strong><strong>plantees. <\/strong><em><em>Poster pr\u00e6senteret p\u00e5 PhD-seminar p\u00e5 sundhedsvidenskabeligt Fakultet,\u00a0<\/em><\/em><em>2010<\/em><\/p>\n<a href=\"http:\/\/eportfolio.musikkons.dk\/wordpress\/bjoernpetersen\/files\/2015\/11\/BJ\u00d8RN_PETERSEN_POSTER_PHD_DAG_2010_3.pdf\" class=\"pdfemb-viewer\" style=\"\" data-width=\"max\" data-height=\"max\" data-toolbar=\"bottom\" data-toolbar-fixed=\"off\">BJ\u00d8RN_PETERSEN_POSTER_PHD_DAG_2010_3<\/a>\n<p>&nbsp;<\/p>\n","protected":false},"excerpt":{"rendered":"<p>I forbindelse med pr\u00e6sentationer p\u00e5 internationale konferencer har Bj\u00f8rn Petersen designet en r\u00e6kke forskningsposters. Objective Measurements of Music Discrimination in Individual Experienced and Recently Implanted Cochlear Implant Users. Poster pr\u00e6senteret ved CIAP konferencen i Lake Tahoe 11. juli 2019. Perception of music and speech in adolescents with cochlear implants &#8211; A\u00a0pilot\u00a0study\u00a0on effects of intensive musical &hellip; <a href=\"http:\/\/eportfolio.musikkons.dk\/wordpress\/bjoernpetersen\/posters\/\" class=\"more-link\">Continue reading<span class=\"screen-reader-text\"> &#8220;Posters&#8221;<\/span><\/a><\/p>\n","protected":false},"author":10,"featured_media":0,"parent":0,"menu_order":0,"comment_status":"closed","ping_status":"closed","template":"","meta":[],"_links":{"self":[{"href":"http:\/\/eportfolio.musikkons.dk\/wordpress\/bjoernpetersen\/wp-json\/wp\/v2\/pages\/466"}],"collection":[{"href":"http:\/\/eportfolio.musikkons.dk\/wordpress\/bjoernpetersen\/wp-json\/wp\/v2\/pages"}],"about":[{"href":"http:\/\/eportfolio.musikkons.dk\/wordpress\/bjoernpetersen\/wp-json\/wp\/v2\/types\/page"}],"author":[{"embeddable":true,"href":"http:\/\/eportfolio.musikkons.dk\/wordpress\/bjoernpetersen\/wp-json\/wp\/v2\/users\/10"}],"replies":[{"embeddable":true,"href":"http:\/\/eportfolio.musikkons.dk\/wordpress\/bjoernpetersen\/wp-json\/wp\/v2\/comments?post=466"}],"version-history":[{"count":40,"href":"http:\/\/eportfolio.musikkons.dk\/wordpress\/bjoernpetersen\/wp-json\/wp\/v2\/pages\/466\/revisions"}],"predecessor-version":[{"id":1020,"href":"http:\/\/eportfolio.musikkons.dk\/wordpress\/bjoernpetersen\/wp-json\/wp\/v2\/pages\/466\/revisions\/1020"}],"wp:attachment":[{"href":"http:\/\/eportfolio.musikkons.dk\/wordpress\/bjoernpetersen\/wp-json\/wp\/v2\/media?parent=466"}],"curies":[{"name":"wp","href":"https:\/\/api.w.org\/{rel}","templated":true}]}}