{"id":629,"date":"2015-11-05T11:56:57","date_gmt":"2015-11-05T10:56:57","guid":{"rendered":"http:\/\/eportfolio.musikkons.dk\/wordpress\/bjoernpetersen\/?page_id=629"},"modified":"2022-01-24T17:06:20","modified_gmt":"2022-01-24T16:06:20","slug":"musikalske-meritter","status":"publish","type":"page","link":"http:\/\/eportfolio.musikkons.dk\/wordpress\/bjoernpetersen\/musikalske-meritter\/","title":{"rendered":"MUSIKALSKE MERITTER"},"content":{"rendered":"<p>Bj\u00f8rn Petersen er kontrabassist, elbassist, korsanger, arrang\u00f8r og komponist og spiller i dag prim\u00e6rt med\u00a0<a href=\"http:\/\/www.runeherholdt.dk\/#!gospel-brothers\/c1g3z\">Rune Herholdt and the Gospel Brothers<\/a>\u00a0og\u00a0<a href=\"http:\/\/www.karstenholm.dk\/cash-og-kirken.html\">CASH i Kirken<\/a>. Han har desuden spillet med\u00a0Peter Lunds Swing Trio (med trompetisten Jesper Riis), <a href=\"http:\/\/www.jeq.dk\/\">Jacob Elvstr\u00f8m Quartet<\/a>, Claude Chichon et son Orchestre, Bachelor Boys, Chain Gang, The Pampers, Den lille pige med Soulstikkerne.<\/p>\n<p><strong>Early years<\/strong><br \/>\nHans karriere begyndte dog som guitarist og forsanger i diverse Aarhus-bands, mest navnkundigt Husband\u00a0(Peter Seebach, percussion; Jens Peter Sonne, bas; Jan Chang \u00d8stergaard, trommer; Jan Due, guitar, vokal; Martin Lautitzen, keyboards; Jens Chr. Chappe jensen, sax&#8217;er; Bj\u00f8rn Petersen, guitar, vokal). Husband \u00a0spillede original musik inden for latin- og funk-genren og Bj\u00f8rn var en af hovedleverand\u00f8rerne til repertoiret. Bandet udgav ingen album, men der findes en del optagelser, bl. a. en r\u00e6kke demoer optaget i Feedback studiet i 1976.<\/p>\n<p>I 80&#8217;erne var Bj\u00f8rn aktiv som bassist og komponist i jazz-rock-bandet Brdr. Rubato sammen med Steen Sonne, keyboards, Jens Chr. Chappe Jensen, sax&#8217;er, Jan Chang \u00d8stergaard, trommer og Carsten Honor\u00e9, guitar. Senere \u00e6ndrede bandet stil i retning af pop-soul med Jytte Pedersen, vokal og Susan Ohrt, sax\/vokal under det tidstypiske navn Shorts. I midten af 80&#8217;erne danned han Inside Out med bl. a. en meget ung Jette Torp.<\/p>\n<p>Bj\u00f8rn har ogs\u00e5 v\u00e6ret aktiv i underholdningsmusikken. I 1980-81 var han vikar p\u00e5 guitar i \u00d8stjysk Musikforsyning og var bl. a. med til at skabe den f\u00f8rste \u00d8M-revy i Ebeltoft.<\/p>\n<p>Bandet Bachelor Boys (Lars Brinck, piano\/vokal, Karsten Holm, vokal\/guitar, Svend Eeg, trommer\/vokal, Bj\u00f8rn B\u00f8nne Petersen, bas\/vokal) dyrkede rhythm&#8217;n blues stilen med inspiration fra bl. a. Ray Charles, Ink Spots, James Taylor og m.a. Bachelor Boys udgav live-CD&#8217;en \u201cBachelor Boys\u201d med medvirken af guitaristen Carsten Ingemann og saxofonisten Christian Vuust.<\/p>\n<p>I 1987 var Bj\u00f8rn kortvarigt med i <a href=\"https:\/\/da.wikipedia.org\/wiki\/Det_Neodepressionistiske_Danseorkester\">Det Neodepressionistiske Danseorkester<\/a>. Samarbejdet kulminerede med albummet <em>Det hele er s\u00e5 underligt, <\/em>hvor Bj\u00f8rn bidrog med materiale til sangene.<\/p>\n<p><strong>Musicals<\/strong><br \/>\nBj\u00f8rn Petersen har v\u00e6ret musiker ved Aarhus Teater, Aalborg Teater, Det Ny Teater, MCH, Vejle Musikteater, Fredericia Teater i f\u00f8lgende musicals: Avenue Q, Chess, Jukebox, EtJuleeventyr, Godspell, A Chorus Line, City of Angels, Cyrano de Bergerac, Ronja R\u00f8verdatter, Piraterne fra Penzance, Julius, La Cage aux Folles, My Fair Lady, Sound of Music, Sommer i Tyrol, Kiss Me Kate, Tiggeroperaen og mange flere. Uddrag af programmer med oversigt over orkestermusikere kan ses <a href=\"http:\/\/eportfolio.musikkons.dk\/wordpress\/bjoernpetersen\/musicals\/\">her<\/a>.<\/p>\n<p><strong>Sessions<\/strong><br \/>\nSom sessionmusiker har Bj\u00f8rn spillet med en lang r\u00e6kke bands og solister: \u00a0Carsten Knudsen (De Nattergale), Uffe Steen, Jesper Bo Knudsen, The Booze Brothers, Jesper Lundgaard, Jette Torp, Uffe Steen, Jesper Riis, Rasmus B\u00f8gelund, Finn Odderskov, Poul Poulsen, Kristian Lassen, Lene N\u00f8rrelykke, Martin Blom, Morten Lund, Hans Esbjerg, Anette Buonaventzen, Karsten Aaholm, Emir Bosnjak, Randers Kammerorkester, Odense Symfoniorkester, \u00a0Prinsens Livregiment, Peter Belli, Eventyroperaen, Birthe Kj\u00e6r, Lisbeth Kj\u00e6rulff, Hans Dueholm, Morten \u00d8berg, Bent Lundgaard, Basix, Robin Watson, Michael Bladt, Morten Lund, Hans Esbjerg, Lars Wagner, S\u00f8ren Hansen, Ernas All Stars.<\/p>\n","protected":false},"excerpt":{"rendered":"<p>Bj\u00f8rn Petersen er kontrabassist, elbassist, korsanger, arrang\u00f8r og komponist og spiller i dag prim\u00e6rt med\u00a0Rune Herholdt and the Gospel Brothers\u00a0og\u00a0CASH i Kirken. Han har desuden spillet med\u00a0Peter Lunds Swing Trio (med trompetisten Jesper Riis), Jacob Elvstr\u00f8m Quartet, Claude Chichon et son Orchestre, Bachelor Boys, Chain Gang, The Pampers, Den lille pige med Soulstikkerne. Early years &hellip; <a href=\"http:\/\/eportfolio.musikkons.dk\/wordpress\/bjoernpetersen\/musikalske-meritter\/\" class=\"more-link\">Continue reading<span class=\"screen-reader-text\"> &#8220;MUSIKALSKE MERITTER&#8221;<\/span><\/a><\/p>\n","protected":false},"author":10,"featured_media":0,"parent":0,"menu_order":0,"comment_status":"closed","ping_status":"closed","template":"","meta":[],"_links":{"self":[{"href":"http:\/\/eportfolio.musikkons.dk\/wordpress\/bjoernpetersen\/wp-json\/wp\/v2\/pages\/629"}],"collection":[{"href":"http:\/\/eportfolio.musikkons.dk\/wordpress\/bjoernpetersen\/wp-json\/wp\/v2\/pages"}],"about":[{"href":"http:\/\/eportfolio.musikkons.dk\/wordpress\/bjoernpetersen\/wp-json\/wp\/v2\/types\/page"}],"author":[{"embeddable":true,"href":"http:\/\/eportfolio.musikkons.dk\/wordpress\/bjoernpetersen\/wp-json\/wp\/v2\/users\/10"}],"replies":[{"embeddable":true,"href":"http:\/\/eportfolio.musikkons.dk\/wordpress\/bjoernpetersen\/wp-json\/wp\/v2\/comments?post=629"}],"version-history":[{"count":30,"href":"http:\/\/eportfolio.musikkons.dk\/wordpress\/bjoernpetersen\/wp-json\/wp\/v2\/pages\/629\/revisions"}],"predecessor-version":[{"id":1100,"href":"http:\/\/eportfolio.musikkons.dk\/wordpress\/bjoernpetersen\/wp-json\/wp\/v2\/pages\/629\/revisions\/1100"}],"wp:attachment":[{"href":"http:\/\/eportfolio.musikkons.dk\/wordpress\/bjoernpetersen\/wp-json\/wp\/v2\/media?parent=629"}],"curies":[{"name":"wp","href":"https:\/\/api.w.org\/{rel}","templated":true}]}}