{"id":2,"date":"2013-02-10T21:41:10","date_gmt":"2013-02-10T21:41:10","guid":{"rendered":"http:\/\/eportfolio.musikkons.dk\/wordpress\/frijsenborg-projekt\/?page_id=2"},"modified":"2015-05-21T13:49:18","modified_gmt":"2015-05-21T13:49:18","slug":"sample-page","status":"publish","type":"page","link":"http:\/\/eportfolio.musikkons.dk\/wordpress\/frijsenborg-projekt\/sample-page\/","title":{"rendered":"CI og musik p\u00e5 Frijsenborg"},"content":{"rendered":"<h1>Dette site er virtuelt hjemsted for et forskningsprojekt p\u00e5 <a href=\"http:\/\/eportfolio.musikkons.dk\/wordpress\/frijsenborg-projekt\/plancheposter-om-projekt-med-musikalsk-horetraening-med-unge-ci-brugere-fra-frijsenborg-efterskole\/\"><img loading=\"lazy\" class=\"alignright wp-image-668 size-thumbnail\" title=\"Poster om projektet\" src=\"http:\/\/eportfolio.musikkons.dk\/wordpress\/frijsenborg-projekt\/files\/2015\/05\/BPE_Dijon_Poster-150x150.jpg\" alt=\"BPE_Dijon_Poster\" width=\"150\" height=\"150\" \/><\/a>Frijsenborg Efterskole om musik og cochlear implants. Projektet bar titlen\u00a0Musik- og sprogopfattelse hos unge med cochlear implant &#8211; en unders\u00f8gelse af udbytte af et intensivt musikalsk tr\u00e6ningsprogram. Projektet foregik i samarbejde ml. Det Jyske Musikkonservatorium, Aarhus Universitetshospital og Frijsenborg Efterskole. Hovedform\u00e5lene var<\/h1>\n<ul>\n<li>\n<h1><span style=\"color: #000000;\">ved hj\u00e6lp af adf\u00e6rdstests og EEG-m\u00e5linger at unders\u00f8ge<a href=\"http:\/\/eportfolio.musikkons.dk\/wordpress\/frijsenborg-projekt\/artikel-publiceret-i-frontiers-of-human-neuroscience-2015\/\"><img loading=\"lazy\" class=\"alignright wp-image-676 size-thumbnail\" title=\"Artikel om Brain Responses\/EEG unders\u00f8gelse\" src=\"http:\/\/eportfolio.musikkons.dk\/wordpress\/frijsenborg-projekt\/files\/2013\/02\/Petersen_Brain-responses-to-musical-feature-changes-in-adolescent-cochlear-implant-users-150x150.jpg\" alt=\"Petersen_Brain responses to musical feature changes in adolescent cochlear implant users\" width=\"150\" height=\"150\" \/><\/a> den mulige virkning af et intensivt musikalsk tr\u00e6ningsprogram p\u00e5 15-17-\u00e5rige cochlear-implanterede skoleelevers musikalske og sproglige skelneevne<\/span><\/h1>\n<\/li>\n<li>\n<h1>at klarl\u00e6gge omfang af musikforbrug og udbytte af musik blandt 15-17-\u00e5rige cochlear-implanterede skoleelever og studere sammenh\u00e6ngen mellem dette og objektive m\u00e5l for opfattelse af musik<\/h1>\n<\/li>\n<li>\n<h1><span style=\"color: #000000;\">at sammenligne m\u00e5l for musikalsk og sproglig <a href=\"http:\/\/eportfolio.musikkons.dk\/wordpress\/frijsenborg-projekt\/artikel-om-musikprojekt-med-unge-ci-brugere\/\"><img loading=\"lazy\" class=\"alignright wp-image-680 size-thumbnail\" title=\"Artikel fra ISAAR konferencen i Nyborg, 2013\" src=\"http:\/\/eportfolio.musikkons.dk\/wordpress\/frijsenborg-projekt\/files\/2013\/02\/Petersen_Adolescents_W_CI_ISAAR_2013-150x150.jpg\" alt=\"Petersen_Adolescents_W_CI_ISAAR_2013\" width=\"150\" height=\"150\" \/><\/a>skelneevne og omfang af musikforbrug og udbytte af musik med tilsvarende m\u00e5l fra en normalth\u00f8rende referencegruppe<\/span><\/h1>\n<\/li>\n<li>\n<h1>at udvikle p\u00e6dagogiske metoder og undervisningsmaterialer rettet mod cochlear-<a href=\"http:\/\/eportfolio.musikkons.dk\/wordpress\/frijsenborg-projekt\/kort-artikel-om-frijsenborg-projektet-i-cfins-arsrapport-2015\/\"><img loading=\"lazy\" class=\"alignright wp-image-679 size-thumbnail\" title=\"Artikel fra CFINs \u00e5rsrapport 2015\" src=\"http:\/\/eportfolio.musikkons.dk\/wordpress\/frijsenborg-projekt\/files\/2013\/02\/Music-in-the-brain-of-deaf-adolescents_FIN_Side_1-150x150.jpg\" alt=\"Music in the brain of deaf adolescents_FIN_Side_1\" width=\"150\" height=\"150\" \/><\/a>implanterede unge, der kombinerer aktiv musikalsk udfoldelse og interaktive digitale l\u00e6ringsformer<\/h1>\n<\/li>\n<\/ul>\n<h3 style=\"font-style: normal; line-height: 24px;\">Forskningsgruppen bestod af Bj\u00f8rn Petersen, docent, PhD, Det Jyske<br \/>\nMusikkonservatorium\/Center for Funktionel Integrativ Neurovidenskab<br \/>\nPeter Vuust, professor, phd, DJM\/CFIN<br \/>\nTherese Ovesen, professor, dr. med., Aarhus Universitetshospital<\/h3>\n<h3>\u00d8vrige involverede var:<br \/>\nTroels M\u00f8rkenborg, kandidatstuderende med rytmisk musik og bev\u00e6gelse som hovedfag<br \/>\n<span style=\"color: #000000; font-weight: bold;\">Anne Katrine Christensen,\u00a0<\/span><span style=\"color: #000000; font-weight: bold;\">kandidatstuderende med korledelse som hovedfag<br \/>\nStine Derdau S\u00f8rensen, kandidatstuderende med lingvistik som hovedfag\u00a0<\/span><\/h3>\n<h1>P\u00e5 de \u00f8vrige sider her kan du l\u00e6se de tre artikler der er skrevet om projektet og se en poster der har v\u00e6ret pr\u00e6senteret ved to international konferencer.<\/h1>\n","protected":false},"excerpt":{"rendered":"<p>Dette site er virtuelt hjemsted for et forskningsprojekt p\u00e5 Frijsenborg Efterskole om musik og cochlear implants. Projektet bar titlen\u00a0Musik- og sprogopfattelse hos unge med cochlear implant &#8211; en unders\u00f8gelse af udbytte af et intensivt musikalsk tr\u00e6ningsprogram. Projektet foregik i samarbejde ml. Det Jyske Musikkonservatorium, Aarhus Universitetshospital og Frijsenborg Efterskole. Hovedform\u00e5lene var ved hj\u00e6lp af adf\u00e6rdstests [&hellip;]<\/p>\n","protected":false},"author":234,"featured_media":0,"parent":0,"menu_order":1,"comment_status":"closed","ping_status":"closed","template":"","meta":[],"_links":{"self":[{"href":"http:\/\/eportfolio.musikkons.dk\/wordpress\/frijsenborg-projekt\/wp-json\/wp\/v2\/pages\/2"}],"collection":[{"href":"http:\/\/eportfolio.musikkons.dk\/wordpress\/frijsenborg-projekt\/wp-json\/wp\/v2\/pages"}],"about":[{"href":"http:\/\/eportfolio.musikkons.dk\/wordpress\/frijsenborg-projekt\/wp-json\/wp\/v2\/types\/page"}],"author":[{"embeddable":true,"href":"http:\/\/eportfolio.musikkons.dk\/wordpress\/frijsenborg-projekt\/wp-json\/wp\/v2\/users\/234"}],"replies":[{"embeddable":true,"href":"http:\/\/eportfolio.musikkons.dk\/wordpress\/frijsenborg-projekt\/wp-json\/wp\/v2\/comments?post=2"}],"version-history":[{"count":23,"href":"http:\/\/eportfolio.musikkons.dk\/wordpress\/frijsenborg-projekt\/wp-json\/wp\/v2\/pages\/2\/revisions"}],"predecessor-version":[{"id":690,"href":"http:\/\/eportfolio.musikkons.dk\/wordpress\/frijsenborg-projekt\/wp-json\/wp\/v2\/pages\/2\/revisions\/690"}],"wp:attachment":[{"href":"http:\/\/eportfolio.musikkons.dk\/wordpress\/frijsenborg-projekt\/wp-json\/wp\/v2\/media?parent=2"}],"curies":[{"name":"wp","href":"https:\/\/api.w.org\/{rel}","templated":true}]}}

CI og musik på Frijsenborg

<h1>Dette site er virtuelt hjemsted for et forskningsprojekt på <a href="http://eportfolio.musikkons.dk/wordpress/frijsenborg-projekt/plancheposter-om-projekt-med-musikalsk-horetraening-med-unge-ci-brugere-fra-frijsenborg-efterskole/"><img loading="lazy" class="alignright wp-image-668 size-thumbnail" title="Poster om projektet" src="http://eportfolio.musikkons.dk/wordpress/frijsenborg-projekt/files/2015/05/BPE_Dijon_Poster-150x150.jpg" alt="BPE_Dijon_Poster" width="150" height="150" /></a>Frijsenborg Efterskole om musik og cochlear implants. Projektet bar titlen Musik- og sprogopfattelse hos unge med cochlear implant &#8211; en undersøgelse af udbytte af et intensivt musikalsk træningsprogram. Projektet foregik i samarbejde ml. Det Jyske Musikkonservatorium, Aarhus Universitetshospital og Frijsenborg Efterskole. Hovedformålene var</h1>
<ul>
<li>
<h1><span style="color: #000000;">ved hjælp af adfærdstests og EEG-målinger at undersøge<a href="http://eportfolio.musikkons.dk/wordpress/frijsenborg-projekt/artikel-publiceret-i-frontiers-of-human-neuroscience-2015/"><img loading="lazy" class="alignright wp-image-676 size-thumbnail" title="Artikel om Brain Responses/EEG undersøgelse" src="http://eportfolio.musikkons.dk/wordpress/frijsenborg-projekt/files/2013/02/Petersen_Brain-responses-to-musical-feature-changes-in-adolescent-cochlear-implant-users-150x150.jpg" alt="Petersen_Brain responses to musical feature changes in adolescent cochlear implant users" width="150" height="150" /></a> den mulige virkning af et intensivt musikalsk træningsprogram på 15-17-årige cochlear-implanterede skoleelevers musikalske og sproglige skelneevne</span></h1>
</li>
<li>
<h1>at klarlægge omfang af musikforbrug og udbytte af musik blandt 15-17-årige cochlear-implanterede skoleelever og studere sammenhængen mellem dette og objektive mål for opfattelse af musik</h1>
</li>
<li>
<h1><span style="color: #000000;">at sammenligne mål for musikalsk og sproglig <a href="http://eportfolio.musikkons.dk/wordpress/frijsenborg-projekt/artikel-om-musikprojekt-med-unge-ci-brugere/"><img loading="lazy" class="alignright wp-image-680 size-thumbnail" title="Artikel fra ISAAR konferencen i Nyborg, 2013" src="http://eportfolio.musikkons.dk/wordpress/frijsenborg-projekt/files/2013/02/Petersen_Adolescents_W_CI_ISAAR_2013-150x150.jpg" alt="Petersen_Adolescents_W_CI_ISAAR_2013" width="150" height="150" /></a>skelneevne og omfang af musikforbrug og udbytte af musik med tilsvarende mål fra en normalthørende referencegruppe</span></h1>
</li>
<li>
<h1>at udvikle pædagogiske metoder og undervisningsmaterialer rettet mod cochlear-<a href="http://eportfolio.musikkons.dk/wordpress/frijsenborg-projekt/kort-artikel-om-frijsenborg-projektet-i-cfins-arsrapport-2015/"><img loading="lazy" class="alignright wp-image-679 size-thumbnail" title="Artikel fra CFINs årsrapport 2015" src="http://eportfolio.musikkons.dk/wordpress/frijsenborg-projekt/files/2013/02/Music-in-the-brain-of-deaf-adolescents_FIN_Side_1-150x150.jpg" alt="Music in the brain of deaf adolescents_FIN_Side_1" width="150" height="150" /></a>implanterede unge, der kombinerer aktiv musikalsk udfoldelse og interaktive digitale læringsformer</h1>
</li>
</ul>
<h3 style="font-style: normal; line-height: 24px;">Forskningsgruppen bestod af Bjørn Petersen, docent, PhD, Det Jyske<br />
Musikkonservatorium/Center for Funktionel Integrativ Neurovidenskab<br />
Peter Vuust, professor, phd, DJM/CFIN<br />
Therese Ovesen, professor, dr. med., Aarhus Universitetshospital</h3>
<h3>Øvrige involverede var:<br />
Troels Mørkenborg, kandidatstuderende med rytmisk musik og bevægelse som hovedfag<br />
<span style="color: #000000; font-weight: bold;">Anne Katrine Christensen, </span><span style="color: #000000; font-weight: bold;">kandidatstuderende med korledelse som hovedfag<br />
Stine Derdau Sørensen, kandidatstuderende med lingvistik som hovedfag </span></h3>
<h1>På de øvrige sider her kan du læse de tre artikler der er skrevet om projektet og se en poster der har været præsenteret ved to international konferencer.</h1>

<p>Dette site er virtuelt hjemsted for et forskningsprojekt på Frijsenborg Efterskole om musik og cochlear implants. Projektet bar titlen Musik- og sprogopfattelse hos unge med cochlear implant &#8211; en undersøgelse af udbytte af et intensivt musikalsk træningsprogram. Projektet foregik i samarbejde ml. Det Jyske Musikkonservatorium, Aarhus Universitetshospital og Frijsenborg Efterskole. Hovedformålene var ved hjælp af adfærdstests [&hellip;]</p>
