{"id":38,"date":"2013-02-16T11:52:13","date_gmt":"2013-02-16T11:52:13","guid":{"rendered":"http:\/\/eportfolio.musikkons.dk\/wordpress\/frijsenborg-projekt\/?page_id=38"},"modified":"2014-05-12T12:20:48","modified_gmt":"2014-05-12T12:20:48","slug":"musiktraening","status":"publish","type":"page","link":"http:\/\/eportfolio.musikkons.dk\/wordpress\/frijsenborg-projekt\/musiktraening\/","title":{"rendered":"Musiktr\u00e6ning"},"content":{"rendered":"<p>K\u00e6re musikelever p\u00e5 Frijsenborg<\/p>\n<p>Her kan i finde de forskellige musiktr\u00e6ningsprogrammer\/quizer.<br \/>\nAlle Quiz&#8217;er er lavet i powerpoint. For at kunne bruge dem skal du s\u00e5ledes have powerpoint installeret eller have programmet powerpointviewer som kan downloades gratis fra denne adresse:<br \/>\n<a href=\"http:\/\/www.microsoft.com\/da-dk\/download\/details.aspx?id=13\">http:\/\/www.microsoft.com\/da-dk\/download\/details.aspx?id=13<br \/>\nP<\/a>rogrammet k\u00f8rer ikke p\u00e5 Mac. Hvis du har en Mac kan du l\u00e5ne en b\u00e6rbar PC, som har quiz&#8217;erne installeret.<\/p>\n<p>Quiz&#8217;erne er delt i tre forskellige omr\u00e5der:<br \/>\n1. <a title=\"Melodi, toneh\u00f8jde, kontur\" href=\"http:\/\/eportfolio.musikkons.dk\/wordpress\/frijsenborg-projekt\/musik-og-ci\/musiktraening\/melodi-tonehojde-kontur\/\">Melodi, toneh\u00f8jde, melodisk kontur<\/a><br \/>\n2. <a title=\"Instrumentgenkendelse\" href=\"http:\/\/eportfolio.musikkons.dk\/wordpress\/frijsenborg-projekt\/musiktraening\/instrumentgenkendelse\/\">Instrumentgenkendelse\/klangfarve<\/a><br \/>\n3. <a title=\"Rytmetr\u00e6ning\" href=\"http:\/\/eportfolio.musikkons.dk\/wordpress\/frijsenborg-projekt\/musik-og-ci\/musiktraening\/rytmetraening\/\">Rytme<\/a><br \/>\nDu finder quiz&#8217;erne\/\u00f8velserne p\u00e5 de tre undermenusider. H\u00f8jreklik p\u00e5 dem og download dem til din computer s\u00e5 du kan tr\u00e6ne n\u00e5r du har mulighed for det.<\/p>\n<p>VIGTIGT: Det er helt afg\u00f8rende for projektet at du \u00f8ver dig i at skelne de forskellige musiklyde. Du beh\u00f8ver ikke g\u00f8re det ret l\u00e6nge ad gangen men det er meget vigtigt at du g\u00f8re det hver dag i musikundervisningsperioden.<\/p>\n","protected":false},"excerpt":{"rendered":"<p>K\u00e6re musikelever p\u00e5 Frijsenborg Her kan i finde de forskellige musiktr\u00e6ningsprogrammer\/quizer. Alle Quiz&#8217;er er lavet i powerpoint. For at kunne bruge dem skal du s\u00e5ledes have powerpoint installeret eller have programmet powerpointviewer som kan downloades gratis fra denne adresse: http:\/\/www.microsoft.com\/da-dk\/download\/details.aspx?id=13 Programmet k\u00f8rer ikke p\u00e5 Mac. Hvis du har en Mac kan du l\u00e5ne en b\u00e6rbar [&hellip;]<\/p>\n","protected":false},"author":10,"featured_media":0,"parent":0,"menu_order":2,"comment_status":"closed","ping_status":"closed","template":"","meta":[],"_links":{"self":[{"href":"http:\/\/eportfolio.musikkons.dk\/wordpress\/frijsenborg-projekt\/wp-json\/wp\/v2\/pages\/38"}],"collection":[{"href":"http:\/\/eportfolio.musikkons.dk\/wordpress\/frijsenborg-projekt\/wp-json\/wp\/v2\/pages"}],"about":[{"href":"http:\/\/eportfolio.musikkons.dk\/wordpress\/frijsenborg-projekt\/wp-json\/wp\/v2\/types\/page"}],"author":[{"embeddable":true,"href":"http:\/\/eportfolio.musikkons.dk\/wordpress\/frijsenborg-projekt\/wp-json\/wp\/v2\/users\/10"}],"replies":[{"embeddable":true,"href":"http:\/\/eportfolio.musikkons.dk\/wordpress\/frijsenborg-projekt\/wp-json\/wp\/v2\/comments?post=38"}],"version-history":[{"count":8,"href":"http:\/\/eportfolio.musikkons.dk\/wordpress\/frijsenborg-projekt\/wp-json\/wp\/v2\/pages\/38\/revisions"}],"predecessor-version":[{"id":636,"href":"http:\/\/eportfolio.musikkons.dk\/wordpress\/frijsenborg-projekt\/wp-json\/wp\/v2\/pages\/38\/revisions\/636"}],"wp:attachment":[{"href":"http:\/\/eportfolio.musikkons.dk\/wordpress\/frijsenborg-projekt\/wp-json\/wp\/v2\/media?parent=38"}],"curies":[{"name":"wp","href":"https:\/\/api.w.org\/{rel}","templated":true}]}}