{"id":685,"date":"2015-05-21T11:54:31","date_gmt":"2015-05-21T11:54:31","guid":{"rendered":"http:\/\/eportfolio.musikkons.dk\/wordpress\/frijsenborg-projekt\/?page_id=685"},"modified":"2015-05-21T11:56:10","modified_gmt":"2015-05-21T11:56:10","slug":"kort-artikel-om-frijsenborg-projektet-i-cfins-arsrapport-2015","status":"publish","type":"page","link":"http:\/\/eportfolio.musikkons.dk\/wordpress\/frijsenborg-projekt\/kort-artikel-om-frijsenborg-projektet-i-cfins-arsrapport-2015\/","title":{"rendered":"Kort artikel om Frijsenborg projektet i CFINs \u00e5rsrapport, 2015"},"content":{"rendered":"<p>Dette er et kort resum\u00e9 af projektets hovedtr\u00e6k, som indg\u00e5r i CFINs \u00e5rsrapport, 2015.<\/p>\n<p><a href=\"http:\/\/eportfolio.musikkons.dk\/wordpress\/frijsenborg-projekt\/files\/2013\/02\/Music-in-the-brain-of-deaf-adolescents_FIN.pdf\" target=\"_blank\"><img loading=\"lazy\" class=\" size-large wp-image-679 aligncenter\" src=\"http:\/\/eportfolio.musikkons.dk\/wordpress\/frijsenborg-projekt\/files\/2013\/02\/Music-in-the-brain-of-deaf-adolescents_FIN_Side_1-1024x724.jpg\" alt=\"Music in the brain of deaf adolescents_FIN_Side_1\" width=\"625\" height=\"442\" srcset=\"http:\/\/eportfolio.musikkons.dk\/wordpress\/frijsenborg-projekt\/files\/2013\/02\/Music-in-the-brain-of-deaf-adolescents_FIN_Side_1-1024x724.jpg 1024w, http:\/\/eportfolio.musikkons.dk\/wordpress\/frijsenborg-projekt\/files\/2013\/02\/Music-in-the-brain-of-deaf-adolescents_FIN_Side_1-300x212.jpg 300w, http:\/\/eportfolio.musikkons.dk\/wordpress\/frijsenborg-projekt\/files\/2013\/02\/Music-in-the-brain-of-deaf-adolescents_FIN_Side_1-624x441.jpg 624w\" sizes=\"(max-width: 625px) 100vw, 625px\" \/><\/a><\/p>\n","protected":false},"excerpt":{"rendered":"<p>Dette er et kort resum\u00e9 af projektets hovedtr\u00e6k, som indg\u00e5r i CFINs \u00e5rsrapport, 2015.<\/p>\n","protected":false},"author":10,"featured_media":0,"parent":0,"menu_order":0,"comment_status":"closed","ping_status":"closed","template":"","meta":[],"_links":{"self":[{"href":"http:\/\/eportfolio.musikkons.dk\/wordpress\/frijsenborg-projekt\/wp-json\/wp\/v2\/pages\/685"}],"collection":[{"href":"http:\/\/eportfolio.musikkons.dk\/wordpress\/frijsenborg-projekt\/wp-json\/wp\/v2\/pages"}],"about":[{"href":"http:\/\/eportfolio.musikkons.dk\/wordpress\/frijsenborg-projekt\/wp-json\/wp\/v2\/types\/page"}],"author":[{"embeddable":true,"href":"http:\/\/eportfolio.musikkons.dk\/wordpress\/frijsenborg-projekt\/wp-json\/wp\/v2\/users\/10"}],"replies":[{"embeddable":true,"href":"http:\/\/eportfolio.musikkons.dk\/wordpress\/frijsenborg-projekt\/wp-json\/wp\/v2\/comments?post=685"}],"version-history":[{"count":2,"href":"http:\/\/eportfolio.musikkons.dk\/wordpress\/frijsenborg-projekt\/wp-json\/wp\/v2\/pages\/685\/revisions"}],"predecessor-version":[{"id":687,"href":"http:\/\/eportfolio.musikkons.dk\/wordpress\/frijsenborg-projekt\/wp-json\/wp\/v2\/pages\/685\/revisions\/687"}],"wp:attachment":[{"href":"http:\/\/eportfolio.musikkons.dk\/wordpress\/frijsenborg-projekt\/wp-json\/wp\/v2\/media?parent=685"}],"curies":[{"name":"wp","href":"https:\/\/api.w.org\/{rel}","templated":true}]}}

Kort artikel om Frijsenborg projektet i CFINs årsrapport, 2015

<p>Dette er et kort resumé af projektets hovedtræk, som indgår i CFINs årsrapport, 2015.</p>
<p><a href="http://eportfolio.musikkons.dk/wordpress/frijsenborg-projekt/files/2013/02/Music-in-the-brain-of-deaf-adolescents_FIN.pdf" target="_blank"><img loading="lazy" class=" size-large wp-image-679 aligncenter" src="http://eportfolio.musikkons.dk/wordpress/frijsenborg-projekt/files/2013/02/Music-in-the-brain-of-deaf-adolescents_FIN_Side_1-1024x724.jpg" alt="Music in the brain of deaf adolescents_FIN_Side_1" width="625" height="442" srcset="http://eportfolio.musikkons.dk/wordpress/frijsenborg-projekt/files/2013/02/Music-in-the-brain-of-deaf-adolescents_FIN_Side_1-1024x724.jpg 1024w, http://eportfolio.musikkons.dk/wordpress/frijsenborg-projekt/files/2013/02/Music-in-the-brain-of-deaf-adolescents_FIN_Side_1-300x212.jpg 300w, http://eportfolio.musikkons.dk/wordpress/frijsenborg-projekt/files/2013/02/Music-in-the-brain-of-deaf-adolescents_FIN_Side_1-624x441.jpg 624w" sizes="(max-width: 625px) 100vw, 625px" /></a></p>

<p>Dette er et kort resumé af projektets hovedtræk, som indgår i CFINs årsrapport, 2015.</p>
