{"id":27,"date":"2012-08-23T12:12:37","date_gmt":"2012-08-23T10:12:37","guid":{"rendered":"http:\/\/eportfolio.musikkons.dk\/wordpress\/itimusikundervisningen\/?page_id=27"},"modified":"2013-11-07T20:18:49","modified_gmt":"2013-11-07T19:18:49","slug":"videndelingseminar","status":"publish","type":"page","link":"http:\/\/eportfolio.musikkons.dk\/wordpress\/itimusikundervisningen\/videndelingseminar\/","title":{"rendered":"Videndelingseminar"},"content":{"rendered":"<h2><em>IT-st\u00f8ttet musikundervisning<\/em><br \/>\nL\u00f8rdag d. 9. juni, 2012 kl. 10-15 p\u00e5 Det Jyske Musikkonservatorium i Aarhus fandt et videndelingseminar vedr. IT-st\u00f8ttet musikundervisning sted. Form\u00e5let var at samle musikskolel\u00e6rere med s\u00e6rlige IT-f\u00e6rdigheder og praktiske erfaringer inden for omr\u00e5det m. h. p\u00e5 at udveksle viden med de \u00f8vrige deltagere og i et l\u00e6ngere perspektiv dele den med l\u00e6rere p\u00e5 musikskolerne. Deltagerne var valgt ud fra de oplysninger, som fremgik af besvarelser p\u00e5 den forudg\u00e5ende sp\u00f8rgeskemaunders\u00f8gelse om brug af IT i musikundervisningen. Udover en omfattende erfaring inden for omr\u00e5det repr\u00e6senterede deltagerne ogs\u00e5 forskellige fagomr\u00e5der (hovedinstrument; holdfag), forskellige musikskoler og forskellige IT-specialiteter.<\/h2>\n<h2><em>M\/K -problematik<\/em><br \/>\nOpl\u00e6gsholderne var alle m\u00e6nd \u2013 en k\u00f8nsm\u00e6ssig sk\u00e6vhed der ikke var tilsigtet fra arrang\u00f8rernes side. To kvindelige musikskolel\u00e6rere, som begge havde beskrevet deres erfaring med IT blev inviteret, men begge m\u00e5tte af forskellige grunde melde fra. Birgit Lauridsen fra Aarhus musikskole har \u00e5relang erfaring med nodeprogrammet Musictime. Derudover bruger Birgit den digitale lydoptager Zoom H2 til at lave lydoptagelser af sin undervisning, som hendes elever efterf\u00f8lgende har adgang til.\u00a0 Astrid J\u00f8rgensen er tilknyttet Den Jyske Sangskole under Ikast\/Brande musikskole og anvender IT i forb. m. sin undervisning, bl. a. til optagelse af lyd, til udf\u00e6rdigelse af arrangementer og til at dele materiale med sine elever, hvoraf mange er p\u00e5 hold. \u00a0Det sagt, dokumenterer sp\u00f8rgeskemaunders\u00f8gelsen at markant flere mandlige musikl\u00e6rere end kvindelige beskriver sig selv som meget\/s\u00e6rdeles erfarne IT-brugere. Det var s\u00e5ledes ikke blandt de l\u00e6rere der responderede p\u00e5 unders\u00f8gelsen muligt at finde ret mange kvinder, der anvender IT i musikundervisningen.<\/h2>\n<h2>\u00d8vrige deltagere<\/h2>\n<h2>Som deltagere uden selvst\u00e6ndige opl\u00e6g var leder af Skanderborg Kulturskole og medinitiativtager til projektet Julie Heeb\u00f8ll, l\u00e6rer i guitar og el-guitar v. Viborg Musikskole og koordinator for musikskolenetv\u00e6rket Sinus Jan Flindt, afdelingsleder v. Viborg Musikskole\u00a0Allan Morell og l\u00e6rer i guitar, bas m.v. v. Struer Musikskole Ulrik Andersen.<br \/>\nJan Flindt skrev under indtryk af seminaret efterf\u00f8lgende et indl\u00e6g om IT i musikundervisningen i perspektiv af Sinus. Indl\u00e6gget kan l\u00e6ses her: <a href=\"http:\/\/eportfolio.musikkons.dk\/wordpress\/itimusikundervisningen\/files\/2012\/08\/Jan_Flindt_Efter-Videndelingsseminariet-p\u00e5-DJM-090612.pdf\" target=\"_blank\">Jan_Flindt_Efter Videndelingsseminariet p\u00e5 DJM 090612<\/a><\/h2>\n","protected":false},"excerpt":{"rendered":"<p>IT-st\u00f8ttet musikundervisning L\u00f8rdag d. 9. juni, 2012 kl. 10-15 p\u00e5 Det Jyske Musikkonservatorium i Aarhus fandt et videndelingseminar vedr. IT-st\u00f8ttet musikundervisning sted. Form\u00e5let var at samle musikskolel\u00e6rere med s\u00e6rlige IT-f\u00e6rdigheder og praktiske erfaringer inden for omr\u00e5det m. h. p\u00e5 at &hellip; <a href=\"http:\/\/eportfolio.musikkons.dk\/wordpress\/itimusikundervisningen\/videndelingseminar\/\">Continue reading <span class=\"meta-nav\">&rarr;<\/span><\/a><\/p>\n","protected":false},"author":10,"featured_media":40,"parent":0,"menu_order":3,"comment_status":"closed","ping_status":"closed","template":"sidebar-page.php","meta":[],"_links":{"self":[{"href":"http:\/\/eportfolio.musikkons.dk\/wordpress\/itimusikundervisningen\/wp-json\/wp\/v2\/pages\/27"}],"collection":[{"href":"http:\/\/eportfolio.musikkons.dk\/wordpress\/itimusikundervisningen\/wp-json\/wp\/v2\/pages"}],"about":[{"href":"http:\/\/eportfolio.musikkons.dk\/wordpress\/itimusikundervisningen\/wp-json\/wp\/v2\/types\/page"}],"author":[{"embeddable":true,"href":"http:\/\/eportfolio.musikkons.dk\/wordpress\/itimusikundervisningen\/wp-json\/wp\/v2\/users\/10"}],"replies":[{"embeddable":true,"href":"http:\/\/eportfolio.musikkons.dk\/wordpress\/itimusikundervisningen\/wp-json\/wp\/v2\/comments?post=27"}],"version-history":[{"count":15,"href":"http:\/\/eportfolio.musikkons.dk\/wordpress\/itimusikundervisningen\/wp-json\/wp\/v2\/pages\/27\/revisions"}],"predecessor-version":[{"id":103,"href":"http:\/\/eportfolio.musikkons.dk\/wordpress\/itimusikundervisningen\/wp-json\/wp\/v2\/pages\/27\/revisions\/103"}],"wp:featuredmedia":[{"embeddable":true,"href":"http:\/\/eportfolio.musikkons.dk\/wordpress\/itimusikundervisningen\/wp-json\/wp\/v2\/media\/40"}],"wp:attachment":[{"href":"http:\/\/eportfolio.musikkons.dk\/wordpress\/itimusikundervisningen\/wp-json\/wp\/v2\/media?parent=27"}],"curies":[{"name":"wp","href":"https:\/\/api.w.org\/{rel}","templated":true}]}}