{"id":49,"date":"2012-08-25T15:34:58","date_gmt":"2012-08-25T13:34:58","guid":{"rendered":"http:\/\/eportfolio.musikkons.dk\/wordpress\/itimusikundervisningen\/?page_id=49"},"modified":"2013-11-07T20:19:14","modified_gmt":"2013-11-07T19:19:14","slug":"2-arne-dich-arrangementsteknikker","status":"publish","type":"page","link":"http:\/\/eportfolio.musikkons.dk\/wordpress\/itimusikundervisningen\/videndelingseminar\/2-arne-dich-arrangementsteknikker\/","title":{"rendered":"2. Arne Dich &#8211; arrangementsteknikker"},"content":{"rendered":"<h2>Arne Dich er tidligere docent v. Det Jyske Musikkonservatorium<br \/>\nog mang<a href=\"http:\/\/eportfolio.musikkons.dk\/wordpress\/itimusikundervisningen\/files\/2012\/08\/Arne_Dich.jpg\"><img loading=\"lazy\" class=\"alignright size-full wp-image-116\" title=\"Arne_Dich\" src=\"http:\/\/eportfolio.musikkons.dk\/wordpress\/itimusikundervisningen\/files\/2012\/08\/Arne_Dich.jpg\" alt=\"\" width=\"150\" height=\"210\" \/><\/a>e\u00e5rig l\u00e6rer v. Aarhus Musikskole. Arne har undervist p\u00e5 konservatoriet i arrangement gennem en menneskealder og underviser stadig i brug af Sibelius for klassiske studerende. I sit indl\u00e6g demonstrerede Arne, hvordan Sibelius kan bruges som v\u00e6rkt\u00f8j til at rearrangere for en given bes\u00e6tning, og hvordan MIDI-filer og skannede noder kan g\u00f8re livet lettere for en travl musikl\u00e6rer. Arne omtalte ogs\u00e5 programmet Smart Music som bruges til akkompagnement i klassisk musiksammenh\u00e6ng.<\/h2>\n<h2>Desuden henviste han til sin hjemmeside <a href=\"http:\/\/www.dichmusik.dk\/\">http:\/\/www.dichmusik.dk\/<\/a>, hvor man kan finde en m\u00e6ngde arrangementer og links og s\u00e5gar et arrangementskursus. Arne Dichs pr\u00e6sentation, inkl. links til kan ses her:<\/h2>\n<h2><a href=\"http:\/\/eportfolio.musikkons.dk\/wordpress\/itimusikundervisningen\/files\/2012\/08\/IT-og-Musikundervisning-DJM-2012-dagenderpaa1.pdf\">IT og Musikundervisning DJM 2012 dagenderpaa<\/a><\/h2>\n<h2>Her er arrangement af Jylland mellem tvende have med stemmer.<a href=\"http:\/\/eportfolio.musikkons.dk\/wordpress\/itimusikundervisningen\/files\/2012\/08\/Jylland-IT-Seminar.pdf\"><br \/>\nJylland IT-Seminar<\/a><br \/>\nLyt evt. til arrangementet <a href=\"http:\/\/eportfolio.musikkons.dk\/wordpress\/itimusikundervisningen\/files\/2012\/08\/Jylland-IT-Seminar1.mp3\">Jylland IT-Seminar<\/a><br \/>\nHer er en vejledning i installation og brug af Scorch <a href=\"http:\/\/eportfolio.musikkons.dk\/wordpress\/itimusikundervisningen\/files\/2012\/08\/IT-sem-2012-SCORCH.pdf\">IT-sem 2012 SCORCH<\/a><br \/>\nHer er en side Arne har lavet med nyttige links <a href=\"http:\/\/eportfolio.musikkons.dk\/wordpress\/itimusikundervisningen\/files\/2012\/08\/IT-sem-2012-Internetsider.pdf\">IT-sem 2012 Internetsider<\/a><\/h2>\n","protected":false},"excerpt":{"rendered":"<p>Arne Dich er tidligere docent v. Det Jyske Musikkonservatorium og mange\u00e5rig l\u00e6rer v. Aarhus Musikskole. Arne har undervist p\u00e5 konservatoriet i arrangement gennem en menneskealder og underviser stadig i brug af Sibelius for klassiske studerende. I sit indl\u00e6g demonstrerede Arne, &hellip; <a href=\"http:\/\/eportfolio.musikkons.dk\/wordpress\/itimusikundervisningen\/videndelingseminar\/2-arne-dich-arrangementsteknikker\/\">Continue reading <span class=\"meta-nav\">&rarr;<\/span><\/a><\/p>\n","protected":false},"author":10,"featured_media":40,"parent":27,"menu_order":3,"comment_status":"closed","ping_status":"closed","template":"sidebar-page.php","meta":[],"_links":{"self":[{"href":"http:\/\/eportfolio.musikkons.dk\/wordpress\/itimusikundervisningen\/wp-json\/wp\/v2\/pages\/49"}],"collection":[{"href":"http:\/\/eportfolio.musikkons.dk\/wordpress\/itimusikundervisningen\/wp-json\/wp\/v2\/pages"}],"about":[{"href":"http:\/\/eportfolio.musikkons.dk\/wordpress\/itimusikundervisningen\/wp-json\/wp\/v2\/types\/page"}],"author":[{"embeddable":true,"href":"http:\/\/eportfolio.musikkons.dk\/wordpress\/itimusikundervisningen\/wp-json\/wp\/v2\/users\/10"}],"replies":[{"embeddable":true,"href":"http:\/\/eportfolio.musikkons.dk\/wordpress\/itimusikundervisningen\/wp-json\/wp\/v2\/comments?post=49"}],"version-history":[{"count":16,"href":"http:\/\/eportfolio.musikkons.dk\/wordpress\/itimusikundervisningen\/wp-json\/wp\/v2\/pages\/49\/revisions"}],"predecessor-version":[{"id":382,"href":"http:\/\/eportfolio.musikkons.dk\/wordpress\/itimusikundervisningen\/wp-json\/wp\/v2\/pages\/49\/revisions\/382"}],"up":[{"embeddable":true,"href":"http:\/\/eportfolio.musikkons.dk\/wordpress\/itimusikundervisningen\/wp-json\/wp\/v2\/pages\/27"}],"wp:featuredmedia":[{"embeddable":true,"href":"http:\/\/eportfolio.musikkons.dk\/wordpress\/itimusikundervisningen\/wp-json\/wp\/v2\/media\/40"}],"wp:attachment":[{"href":"http:\/\/eportfolio.musikkons.dk\/wordpress\/itimusikundervisningen\/wp-json\/wp\/v2\/media?parent=49"}],"curies":[{"name":"wp","href":"https:\/\/api.w.org\/{rel}","templated":true}]}}