{"id":53,"date":"2012-08-25T15:36:30","date_gmt":"2012-08-25T13:36:30","guid":{"rendered":"http:\/\/eportfolio.musikkons.dk\/wordpress\/itimusikundervisningen\/?page_id=53"},"modified":"2012-09-26T13:37:18","modified_gmt":"2012-09-26T11:37:18","slug":"4-benny-morthorst-g-mail-database","status":"publish","type":"page","link":"http:\/\/eportfolio.musikkons.dk\/wordpress\/itimusikundervisningen\/videndelingseminar\/4-benny-morthorst-g-mail-database\/","title":{"rendered":"4. Benny Morthorst &#8211; g-mail database"},"content":{"rendered":"<h2><a href=\"http:\/\/eportfolio.musikkons.dk\/wordpress\/itimusikundervisningen\/files\/2012\/08\/Benny.jpg\"><img loading=\"lazy\" class=\"alignright size-full wp-image-160\" title=\"Benny\" src=\"http:\/\/eportfolio.musikkons.dk\/wordpress\/itimusikundervisningen\/files\/2012\/08\/Benny.jpg\" alt=\"\" width=\"200\" height=\"200\" srcset=\"http:\/\/eportfolio.musikkons.dk\/wordpress\/itimusikundervisningen\/files\/2012\/08\/Benny.jpg 200w, http:\/\/eportfolio.musikkons.dk\/wordpress\/itimusikundervisningen\/files\/2012\/08\/Benny-150x150.jpg 150w\" sizes=\"(max-width: 200px) 100vw, 200px\" \/><\/a>Benny Morthorst er guitar- og sammenspilsl\u00e6rer v. <a href=\"http:\/\/www.sdms.dk\/siteSDMS\/splash.asp\" target=\"_blank\">Syddjurs Musikskole<\/a> og mange\u00e5rig bruger af IT-v\u00e6rkt\u00f8jer i sin undervisning. I sit indl\u00e6g fortalte Benny om sin brug af Googles gratis emailfacilitet som materialeforum for sine elever. Eleverne f\u00e5r tildelt log-in til forummet og kan der finde noder, mp3-filer og links til YouTube. Materialet ligger som mails med vedh\u00e6ftede filer og er igen organiseret i undermapper (etiketter). Forummet\/databasen har vokset sig stor, men v. h. af g-mails s\u00f8gefunktion er det nemt at finde frem til det man s\u00f8ger. Benny viste eksempler p\u00e5 sine materialer bl. a. pdf\u2019er som er kompileret af flere pdf\u2019er til en st\u00f8rre pdf. Dette kr\u00e6ver et s\u00e6rligt program, hvoraf Adobe Acrobat Pro er det professionelle v\u00e6rkt\u00f8j til det form\u00e5l men koster omkring 120$. Der findes dog ogs\u00e5 billigere l\u00f8sninger og mulighed for at g\u00f8re det gratis online p\u00e5 <a href=\"http:\/\/foxyutils.com\/mergepdf\/\">http:\/\/foxyutils.com\/mergepdf\/<\/a>. Benny har ogs\u00e5 skannet hele sin akustiske materialesamling ind til pdf. Hans erfaring er at hvis man bruger 600 dpi og v\u00e6lger sort\/hvid f\u00e5r man sm\u00e5 filer i god kvalitet. L\u00e6s Bennys opl\u00e6g her:\u00a0<a href=\"http:\/\/eportfolio.musikkons.dk\/wordpress\/itimusikundervisningen\/files\/2012\/08\/Gmail-konto-som-database-Benny-Morthorst.pdf\">Gmail konto som database &#8211; Benny Morthorst<\/a><\/h2>\n","protected":false},"excerpt":{"rendered":"<p>Benny Morthorst er guitar- og sammenspilsl\u00e6rer v. Syddjurs Musikskole og mange\u00e5rig bruger af IT-v\u00e6rkt\u00f8jer i sin undervisning. I sit indl\u00e6g fortalte Benny om sin brug af Googles gratis emailfacilitet som materialeforum for sine elever. Eleverne f\u00e5r tildelt log-in til forummet &hellip; <a href=\"http:\/\/eportfolio.musikkons.dk\/wordpress\/itimusikundervisningen\/videndelingseminar\/4-benny-morthorst-g-mail-database\/\">Continue reading <span class=\"meta-nav\">&rarr;<\/span><\/a><\/p>\n","protected":false},"author":10,"featured_media":40,"parent":27,"menu_order":5,"comment_status":"closed","ping_status":"closed","template":"sidebar-page.php","meta":[],"_links":{"self":[{"href":"http:\/\/eportfolio.musikkons.dk\/wordpress\/itimusikundervisningen\/wp-json\/wp\/v2\/pages\/53"}],"collection":[{"href":"http:\/\/eportfolio.musikkons.dk\/wordpress\/itimusikundervisningen\/wp-json\/wp\/v2\/pages"}],"about":[{"href":"http:\/\/eportfolio.musikkons.dk\/wordpress\/itimusikundervisningen\/wp-json\/wp\/v2\/types\/page"}],"author":[{"embeddable":true,"href":"http:\/\/eportfolio.musikkons.dk\/wordpress\/itimusikundervisningen\/wp-json\/wp\/v2\/users\/10"}],"replies":[{"embeddable":true,"href":"http:\/\/eportfolio.musikkons.dk\/wordpress\/itimusikundervisningen\/wp-json\/wp\/v2\/comments?post=53"}],"version-history":[{"count":8,"href":"http:\/\/eportfolio.musikkons.dk\/wordpress\/itimusikundervisningen\/wp-json\/wp\/v2\/pages\/53\/revisions"}],"predecessor-version":[{"id":271,"href":"http:\/\/eportfolio.musikkons.dk\/wordpress\/itimusikundervisningen\/wp-json\/wp\/v2\/pages\/53\/revisions\/271"}],"up":[{"embeddable":true,"href":"http:\/\/eportfolio.musikkons.dk\/wordpress\/itimusikundervisningen\/wp-json\/wp\/v2\/pages\/27"}],"wp:featuredmedia":[{"embeddable":true,"href":"http:\/\/eportfolio.musikkons.dk\/wordpress\/itimusikundervisningen\/wp-json\/wp\/v2\/media\/40"}],"wp:attachment":[{"href":"http:\/\/eportfolio.musikkons.dk\/wordpress\/itimusikundervisningen\/wp-json\/wp\/v2\/media?parent=53"}],"curies":[{"name":"wp","href":"https:\/\/api.w.org\/{rel}","templated":true}]}}