{"id":59,"date":"2012-08-25T15:38:45","date_gmt":"2012-08-25T13:38:45","guid":{"rendered":"http:\/\/eportfolio.musikkons.dk\/wordpress\/itimusikundervisningen\/?page_id=59"},"modified":"2012-09-26T13:49:45","modified_gmt":"2012-09-26T11:49:45","slug":"7-christian-alvad-ipad-i-guitarundervisningen","status":"publish","type":"page","link":"http:\/\/eportfolio.musikkons.dk\/wordpress\/itimusikundervisningen\/videndelingseminar\/7-christian-alvad-ipad-i-guitarundervisningen\/","title":{"rendered":"7. Christian Alvad &#8211; iPad i guitarundervisningen"},"content":{"rendered":"<h2><a href=\"http:\/\/eportfolio.musikkons.dk\/wordpress\/itimusikundervisningen\/files\/2012\/08\/Alvad.jpg\"><img loading=\"lazy\" class=\"alignright size-full wp-image-196\" title=\"Alvad\" src=\"http:\/\/eportfolio.musikkons.dk\/wordpress\/itimusikundervisningen\/files\/2012\/08\/Alvad.jpg\" alt=\"\" width=\"263\" height=\"192\" \/><\/a>Christian Alvad er guitarl\u00e6rer ved <a href=\"www.oddermusikskole.dk\" target=\"_blank\">Odder musikskole<\/a>. I Odder kommune har man valgt at give alle elever og l\u00e6rere i folkeskolerne en iPad, dog ikke musikskolel\u00e6rere (l\u00e6s <a href=\"http:\/\/stiften.dk\/odder\/odder-deler-ud-af-erfaringer-med-ipad\" target=\"_blank\">artikel<\/a>). I og med at stort set alle elever s\u00e5ledes har en iPad, syntes Christian det var oplagt at benytte lejligheden til at unders\u00f8ge potentialet for at inddrage den i undervisningen. Han understregede dog, at der ikke var tale om at droppe papirerne fuldkomment, men snarere at tilf\u00f8je den digitale dimension. Christian slog fast, at tabulatur er en glimrende og unik m\u00e5de, hvor p\u00e5 man grafisk kan vise, hvordan man s\u00e6tter fingrene p\u00e5 guitaren. Han konstaterer ogs\u00e5, at nettet er fuld af store flotte transskriptioner af forskellige guitarv\u00e6rker, men at den rytmiske notation ofte er helt fejlagtig. En del af hans rolle i forhold til det materiale, som eleverne kommer med, er derfor at kvalificere deres musikalske forst\u00e5else. Derfor er det ogs\u00e5 helt n\u00f8dvendigt at hj\u00e6lpe eleverne til at opbygge en kildekritisk tilgang, og reducere deres blinde tillid til alt hvad der findes p\u00e5 nettet. <em><br \/>\n<\/em>Christian bruger app\u2019en <a href=\"http:\/\/www.guitar-pro.com\/en\/index.php?pg=product-iphone-ipad#\/interface\" target=\"_blank\">Guitar Pro<\/a>, som alts\u00e5 ogs\u00e5 eleverne har installeret (pris 50 kr.). Christian peger p\u00e5, at \u00f8vesituationen bliver optimeret n\u00e5r eleven bruger iPaden; der er indbygget metronom (som kan justeres), man kan se b\u00e5de node og tabulatur og man kan se fingrene virtuelt p\u00e5 gribebr\u00e6ttet. Den fysiske node er i\u00f8vrigt altid til stede samtidig med at Guitar Pro er \u00e5bent. En motiverende faktor ved iPad\u2019en er, at lyden er s\u00e5 langt fra virkeligheden, at det n\u00e6sten altid vil lyde bedre i den h\u00e5ndspillede version.<br \/>\nDe ressourcer som Christian anvender som l\u00e6rer er: Dropbox til arkivering af materialer, <a href=\"http:\/\/www.apple.com\/iwork\/numbers\/\" target=\"_blank\">Numbers<\/a> til administration af elever og <a href=\"http:\/\/www.goodreader.net\/goodreader.html\" target=\"_blank\">Goodreader<\/a> til at administrere forbindelsen mellem dropbox og elever (\u201den jernbaneg\u00e5rd for forskellige formater\u201d). Elevens behov er GuitarPro app, et mailprogram og en YouTube-afspiller. Alle arrangementer der indg\u00e5r i undervisningen er koblet sammen med en YouTube-video, s\u00e5 eleven kan h\u00f8re hvordan det rent faktisk lyder.<br \/>\nChristians forel\u00f8bige evaluering er, at alle elever er glade for konceptet og gerne vil forts\u00e6tte. Den store force ved inddragelsen af teknologien er, at de rytmiske f\u00e6rdigheder styrkes, fordi programmet tvinger eleven til at spille metronomisk og ikke tillader kunstpauser. Fordi lektioner typisk kun er af 20 minutters varighed, og fokus ofte er p\u00e5 tekniske elementer, er iPaden en god hj\u00e6lpel\u00e6rer uden for undervisningstiden.<\/h2>\n<h2>Christian pr\u00f8ver selv kr\u00e6fter med programmering af en app, men overvejer at benytte muligheden for at lave en l\u00e6rebog med <a href=\"http:\/\/www.apple.com\/ibooks-author\/\" target=\"_blank\">Author<\/a> og l\u00e6gge den p\u00e5 <a href=\"http:\/\/itunes.apple.com\/dk\/app\/ibooks\/id364709193?mt=8\" target=\"_blank\">iBooks<\/a>.<\/h2>\n<h2>Se Christians pr\u00e6sentation her: <a href=\"http:\/\/eportfolio.musikkons.dk\/wordpress\/itimusikundervisningen\/files\/2012\/08\/Opl\u00e6g-Ipad-og-Guitarundervisning.pdf\">Opl\u00e6g Ipad og Guitarundervisning<\/a><\/h2>\n<h2><\/h2>\n","protected":false},"excerpt":{"rendered":"<p>Christian Alvad er guitarl\u00e6rer ved Odder musikskole. I Odder kommune har man valgt at give alle elever og l\u00e6rere i folkeskolerne en iPad, dog ikke musikskolel\u00e6rere (l\u00e6s artikel). I og med at stort set alle elever s\u00e5ledes har en iPad, &hellip; <a href=\"http:\/\/eportfolio.musikkons.dk\/wordpress\/itimusikundervisningen\/videndelingseminar\/7-christian-alvad-ipad-i-guitarundervisningen\/\">Continue reading <span class=\"meta-nav\">&rarr;<\/span><\/a><\/p>\n","protected":false},"author":10,"featured_media":40,"parent":27,"menu_order":8,"comment_status":"closed","ping_status":"closed","template":"sidebar-page.php","meta":[],"_links":{"self":[{"href":"http:\/\/eportfolio.musikkons.dk\/wordpress\/itimusikundervisningen\/wp-json\/wp\/v2\/pages\/59"}],"collection":[{"href":"http:\/\/eportfolio.musikkons.dk\/wordpress\/itimusikundervisningen\/wp-json\/wp\/v2\/pages"}],"about":[{"href":"http:\/\/eportfolio.musikkons.dk\/wordpress\/itimusikundervisningen\/wp-json\/wp\/v2\/types\/page"}],"author":[{"embeddable":true,"href":"http:\/\/eportfolio.musikkons.dk\/wordpress\/itimusikundervisningen\/wp-json\/wp\/v2\/users\/10"}],"replies":[{"embeddable":true,"href":"http:\/\/eportfolio.musikkons.dk\/wordpress\/itimusikundervisningen\/wp-json\/wp\/v2\/comments?post=59"}],"version-history":[{"count":13,"href":"http:\/\/eportfolio.musikkons.dk\/wordpress\/itimusikundervisningen\/wp-json\/wp\/v2\/pages\/59\/revisions"}],"predecessor-version":[{"id":188,"href":"http:\/\/eportfolio.musikkons.dk\/wordpress\/itimusikundervisningen\/wp-json\/wp\/v2\/pages\/59\/revisions\/188"}],"up":[{"embeddable":true,"href":"http:\/\/eportfolio.musikkons.dk\/wordpress\/itimusikundervisningen\/wp-json\/wp\/v2\/pages\/27"}],"wp:featuredmedia":[{"embeddable":true,"href":"http:\/\/eportfolio.musikkons.dk\/wordpress\/itimusikundervisningen\/wp-json\/wp\/v2\/media\/40"}],"wp:attachment":[{"href":"http:\/\/eportfolio.musikkons.dk\/wordpress\/itimusikundervisningen\/wp-json\/wp\/v2\/media?parent=59"}],"curies":[{"name":"wp","href":"https:\/\/api.w.org\/{rel}","templated":true}]}}