{"id":67,"date":"2012-08-25T15:47:08","date_gmt":"2012-08-25T13:47:08","guid":{"rendered":"http:\/\/eportfolio.musikkons.dk\/wordpress\/itimusikundervisningen\/?page_id=67"},"modified":"2012-09-26T15:20:41","modified_gmt":"2012-09-26T13:20:41","slug":"11-roberto-sarno-forscore-nodefremviser","status":"publish","type":"page","link":"http:\/\/eportfolio.musikkons.dk\/wordpress\/itimusikundervisningen\/videndelingseminar\/11-roberto-sarno-forscore-nodefremviser\/","title":{"rendered":"11. Roberto Sarno &#8211; The use of IT in music lessons"},"content":{"rendered":"<h1><img loading=\"lazy\" id=\"il_fi\" class=\"alignright\" src=\"http:\/\/viborg.dk\/db\/Kultur.nsf\/Billeder\/F55075D926800876C125774900342986\/$File\/RS-cv.JPG\" alt=\"\" width=\"168\" height=\"190\" \/>Roberto Sarno underviser i violin og Suzuki-violin m.m. v. <a href=\"http:\/\/www.skanderborgmusikskole.dk\/\">Skanderborg Kulturskole<\/a> og <a href=\"http:\/\/viborg.dk\/db\/kultur.nsf\/Alle\/82FED4F034F71465C125734100332CF0?OpenDocument\">Viborg Musikskole<\/a>. Han beskriver sig selv som ikke-ekspert og ikke-n\u00f8rd p\u00e5 computeromr\u00e5det. Ikke desto mindre er han en pion\u00e9r, hvad ang\u00e5r integration af IT inden for den klassiske musikundervisning. Han hylder den enkle tilgang til brug af IT og har som udgangspunkt unders\u00f8gt om teknologien kan afhj\u00e6lpe nogle af de behov han oplever i forbindelse med sin undervisning. Til at arrangere for sine orkestre bruger han Sibelius og har altid computeren t\u00e6ndt og kan printe stemmer ud hvis nogle har glemt. Roberto bruger ogs\u00e5 YouTube, som han betegner som \u201den fantastisk kilde af information\u201d. Som eksempel n\u00e6vnte han Sara Changs live performance af Mendelsohns violinkoncert, hvor det er muligt at afl\u00e6se buestr\u00f8g og fingers\u00e6tninger fra sk\u00e6rmen. Derudover n\u00e6vnte han <a href=\"http:\/\/imslp.org\/\">Petrucci Music Library<\/a>, som er en open-source gratis portal for noder. Her henter han\u00a0 undervisningsmateriale fra et k\u00e6mpe udvalg (mere end 210.000 v\u00e6rker) \u2013 on-line. \u00a0Endelig bruger Roberto shopping som en af de m\u00e5der han bruger IT og internettet p\u00e5. Mange elever er i tvivl om hvordan f\u00e5r fat i skulderst\u00f8tter, strenge m.v. og Roberto vejleder dem ved at vise dem de websites der tilbyder salg af tilbeh\u00f8r. Der er ofte en stor besparelse ved at k\u00f8be on-line, som selvf\u00f8lgelig kommer eleverne til gode.<\/h1>\n<h1>Af de mere us\u00e6dvanlige form\u00e5l han bruger IT til n\u00e6vner han brug af iPad som videooptager. Han optager fx n\u00e5r eleven spiller, s\u00e5 de sammen kan h\u00f8re resultatet og kommentere og lave forbedringer. I visse tilf\u00e6lde optager han ogs\u00e5 hele undervisningslektionen og sender den til eleven, som dermed f\u00e5r mulighed for at genh\u00f8re de forskellige anvisninger og kommentarer.\u00a0 Han bruger ogs\u00e5 iPad\u2019en som nodestativ. Der findes forskellige holdere, som g\u00f8r det muligt at s\u00e6tte iPaden fast enten til et nodestativ eller et mikrofonstativ. Man kan enten se noden vertikalt, hvilket nogle finder lidt sm\u00e5t for en fuld nodeside eller man kan vende iPaden horisontalt, hvorved noden vises som en halv A4 side. En af fordelene er at sk\u00e6rmen er baggrundsbelyst, s\u00e5 man har ikke problemer med at l\u00e6se ved d\u00e5rlig belysning. Roberto bruger ogs\u00e5 IT til at booke elevkoncerter, gennem direkte adgang til musikskolens koncertkalender. Dette kan han g\u00f8re hurtigt og nemt i timen.<\/h1>\n<h1>Roberto har ogs\u00e5 erfaring med at fjernundervisning via Skype. Selv om man ikke kan spille duetter, er lydkvaliteten og hastigheden s\u00e5 god nu, at han oplever det som et brugbart alternativ til det virkelige m\u00f8de, is\u00e6r selvf\u00f8lgelig hvis der er s\u00e6rlige omst\u00e6ndigheder, der g\u00f8r sig g\u00e6ldende (snekaos fx). Som Suzuki-l\u00e6rer har han ogs\u00e5 brugt Skype til at lade Suzuki-l\u00e6rere under opl\u00e6ring overv\u00e6re hans undervisning p\u00e5 langdistance.<\/h1>\n<h1>En app som er meget anvendelig i musikundervisningen er<a href=\"http:\/\/itunes.apple.com\/us\/app\/forscore\/id363738376?mt=8\"> ForScore<\/a> til iPad. Den viser noder i pdf-format og det er muligt at redigere i noden enten ved at tegne med sin finger eller ved at skrive med tastaturet. Man kan gemme sine rettelser og man kan printe via air-print, hvis dette er tilg\u00e6ngeligt. Programmet har ogs\u00e5 en metronom indbygget, og det er muligt at koble noder sammen med lydfiler, hvor man kan h\u00f8re stykket spillet. Ved hj\u00e6lp af app\u2019en <a href=\"http:\/\/itunes.apple.com\/dk\/app\/genius-scan-pdf-scanner\/id377672876?l=da&amp;mt=8\">Genius Scan<\/a> er det muligt, at scanne en node og gemme den som pdf. Derefter kan man hente den ind i ForScore og spille efter den fra iPaden.<\/h1>\n<h1>Afslutningsvis viste Roberto et par andre apps som er brugbare. Fx Music Composer, hvor man kan s\u00e6tte noder ind v.hj. af et virtuelt keyboard og SoundHound, som kan genkende sange som man ikke kan huske titlen p\u00e5.<\/h1>\n<h1>Se Robertos pr\u00e6sentation her: <a href=\"http:\/\/eportfolio.musikkons.dk\/wordpress\/itimusikundervisningen\/files\/2012\/08\/presentationIT.pdf\">presentationIT<\/a><\/h1>\n","protected":false},"excerpt":{"rendered":"<p>Roberto Sarno underviser i violin og Suzuki-violin m.m. v. Skanderborg Kulturskole og Viborg Musikskole. Han beskriver sig selv som ikke-ekspert og ikke-n\u00f8rd p\u00e5 computeromr\u00e5det. Ikke desto mindre er han en pion\u00e9r, hvad ang\u00e5r integration af IT inden for den klassiske &hellip; <a href=\"http:\/\/eportfolio.musikkons.dk\/wordpress\/itimusikundervisningen\/videndelingseminar\/11-roberto-sarno-forscore-nodefremviser\/\">Continue reading <span class=\"meta-nav\">&rarr;<\/span><\/a><\/p>\n","protected":false},"author":10,"featured_media":40,"parent":27,"menu_order":12,"comment_status":"closed","ping_status":"closed","template":"sidebar-page.php","meta":[],"_links":{"self":[{"href":"http:\/\/eportfolio.musikkons.dk\/wordpress\/itimusikundervisningen\/wp-json\/wp\/v2\/pages\/67"}],"collection":[{"href":"http:\/\/eportfolio.musikkons.dk\/wordpress\/itimusikundervisningen\/wp-json\/wp\/v2\/pages"}],"about":[{"href":"http:\/\/eportfolio.musikkons.dk\/wordpress\/itimusikundervisningen\/wp-json\/wp\/v2\/types\/page"}],"author":[{"embeddable":true,"href":"http:\/\/eportfolio.musikkons.dk\/wordpress\/itimusikundervisningen\/wp-json\/wp\/v2\/users\/10"}],"replies":[{"embeddable":true,"href":"http:\/\/eportfolio.musikkons.dk\/wordpress\/itimusikundervisningen\/wp-json\/wp\/v2\/comments?post=67"}],"version-history":[{"count":15,"href":"http:\/\/eportfolio.musikkons.dk\/wordpress\/itimusikundervisningen\/wp-json\/wp\/v2\/pages\/67\/revisions"}],"predecessor-version":[{"id":254,"href":"http:\/\/eportfolio.musikkons.dk\/wordpress\/itimusikundervisningen\/wp-json\/wp\/v2\/pages\/67\/revisions\/254"}],"up":[{"embeddable":true,"href":"http:\/\/eportfolio.musikkons.dk\/wordpress\/itimusikundervisningen\/wp-json\/wp\/v2\/pages\/27"}],"wp:featuredmedia":[{"embeddable":true,"href":"http:\/\/eportfolio.musikkons.dk\/wordpress\/itimusikundervisningen\/wp-json\/wp\/v2\/media\/40"}],"wp:attachment":[{"href":"http:\/\/eportfolio.musikkons.dk\/wordpress\/itimusikundervisningen\/wp-json\/wp\/v2\/media?parent=67"}],"curies":[{"name":"wp","href":"https:\/\/api.w.org\/{rel}","templated":true}]}}